 129. List the prime factors of c(21).
2, 3, 317
Suppose 35 = 5*j + 3*a, 14 = j + j + 5*a. Let y be j/(14/4) - 421. Let i = y - -627. What are the prime factors of i?
2, 13
Let w be (-14)/91 + 210/13. Suppose 0 = 4*k + 5*p - 34, -k + 5*k - w = 4*p. What are the prime factors of (6*k)/((-15)/(-20))?
2, 3
Let j = 154619 + -100661. List the prime factors of j.
2, 3, 17, 23
Suppose 2*b + 151 = -17. Let n be (2 + b/(-8))*12/(-15). What are the prime factors of 4/n + (-1664)/(-10) + 1?
167
Let t be -12*5/(40/(-118)). Suppose -229 = -3*y - 2*g, 5*g - 373 = -5*y + 6*g. Let f = t - y. List the prime factors of f.
2, 3, 17
Let v(g) = g**2 + g. Let c(r) = r**3 - 10*r**2 + 12*r - 10. Let f(o) = -c(o) + 3*v(o). Let i be f(10). Suppose 0*k = 2*k - i. List the prime factors of k.
2, 5, 11
Suppose -10*u + 7 = -43. Suppose u*b + 675 = 45. List the prime factors of 3 - (-2 - -2) - (b + 1).
2
Let m be (-16)/(-12) + 32/12. Suppose 14*u - 180 = -m*u. What are the prime factors of u?
2, 5
Suppose -169 = 5*x + 86. Let t = 315 - x. What are the prime factors of t?
2, 3, 61
Let b(v) = -27 + 129*v + 20 + 53*v + 32. List the prime factors of b(5).
5, 11, 17
Let i be ((-9)/(-5))/((-1)/45*-9). Suppose -9110 = -i*n - 2999. List the prime factors of n.
7, 97
Let l = -5 - -10. Suppose 5*j - 11 = -d - 1, l*j = 3*d - 30. Suppose 0 = -12*q + d*q + 352. What are the prime factors of q?
2, 11
Let s(y) = -y**3 - 14*y**2 - 22*y + 46. Let l be s(-14). Let v = l + -22. List the prime factors of v.
2, 83
Let a be -1 + 0 + 4/1. Let r be 6/(-2) + a + 2. Suppose 12*w - 1110 = r*w. List the prime factors of w.
3, 37
Let o(r) = -r**2 - 11*r - 22. Let k be o(-8). Let x be k/(7 + -4 + -2). What are the prime factors of 1/(7/315 + -2 + x)?
3, 5
Let y(z) = 5*z**2 - 46*z - 5. Let o be y(16). Suppose -3*r + u = -478, -5*r + 255 + o = -3*u. List the prime factors of r.
2, 5
Suppose -3*o + 8559 = -4*k - 19249, 0 = -10*k - 40. What are the prime factors of o?
2, 3, 193
Let v = 24469 - 11462. List the prime factors of v.
13007
Suppose 2*q = -3*q - t - 1012, 0 = 4*q + t + 809. Let r = q + 490. List the prime factors of r.
7, 41
Suppose -21*k = -259085 + 71660. What are the prime factors of k?
3, 5, 7, 17
Suppose n - 420 = -v, n + 2810 = 5*v + 686. Suppose 292 + v = 4*j. List the prime factors of j.
179
Let v(n) be the third derivative of 1/30*n**5 - 7/24*n**4 + 0 + 14/3*n**3 + 0*n + 9*n**2. List the prime factors of v(7).
7, 11
Let d = -22 + 27. Suppose -2*z - 10 = -0*z, 0 = 4*j - d*z - 45. Suppose 445 = 5*g - j*f, -4*g - 4*f + 368 = -5*f. What are the prime factors of g?
3, 31
Suppose -3*a = 5*z - 40, 4*z - 7*z = 2*a - 28. List the prime factors of (-27 - 2)*((-49)/7 - a).
3, 29
Let r(j) = 6*j**3 - 75*j**2 + 14*j - 89. List the prime factors of r(23).
2, 5, 839
Suppose -2*n = -8, -3*g + 4*n = -n - 16930. Suppose -g = -9*x - x. Suppose -7*s - x = -12*s. List the prime factors of s.
113
Let o(d) = d**3 + 12*d**2 + 78*d - 1089. What are the prime factors of o(27)?
2, 3, 409
Let h(u) = -u**2 + 19*u + 3. Let o be (205/(-10) - (-3)/2)/(-1). Let v be h(o). Suppose 2*f + 0*c + 3*c = 93, v*f = -5*c + 138. What are the prime factors of f?
3, 17
Suppose 3181*f - 54108 = 3163*f. List the prime factors of f.
2, 3, 167
Suppose -30926 = -4*h + x, 3*h - 23183 = 4*x - 9*x. What are the prime factors of h?
3, 859
Let m = -2362 + 12470. List the prime factors of m.
2, 7, 19
Let c = 123 + 7392. What are the prime factors of c?
3, 5, 167
What are the prime factors of 340631/2120*-10*(-1 - 35)?
3, 6427
Let u(f) = -7*f**3 + 2*f**2 - 12 + 8*f**3 - 3*f**2 + 116. Let s be u(0). Suppose -4 = -4*i + 4*a + 72, -5*i + 2*a = -s. List the prime factors of i.
2, 11
Let v = 67139 + -47479. List the prime factors of v.
2, 5, 983
Let o(j) = 13*j**2 - 3*j - 10. Suppose -1 = 5*x + 29. List the prime factors of o(x).
2, 7, 17
Suppose 3*n = -5*k + 33819, -64*n = -61*n - k - 33855. What are the prime factors of n?
3, 3761
List the prime factors of (-3 + 22899/(-9))*((4 - 12) + -1).
2, 3, 3821
Let c(a) = 3*a + 11. Let q be c(6). Let f = 26 - q. List the prime factors of 1 + f + (-1 - -94).
7, 13
Let t(d) = -50*d - 38. Let x be t(6). What are the prime factors of x/6*(-132)/11?
2, 13
Suppose 5*n - 48300 = 5*u, -16*n + 12*n - 2*u + 38616 = 0. Suppose -9*w - 476 + n = 0. List the prime factors of w.
2, 3, 5, 17
Let x(g) = -128*g - 19. Let h be x(-6). Let q(y) = y**3 - 4*y**2 - y - 2. Let u be q(5). Suppose -11*d + u*d = h. What are the prime factors of d?
107
Let b = 1451 + 401. Suppose -18*d + 16*d = -2*o - b, -2*d + 1849 = o. What are the prime factors of d?
5, 37
List the prime factors of -10*194*26/(-8) + 8.
59, 107
Suppose 12*c + 84 = 16*c - 4*b, 4*c - 2*b = 78. Suppose -3*s + 3087 = c*s. What are the prime factors of s?
3, 7
Let d be (0 - 2/(-8)) + 133/28. Suppose 0 = -5*n + 4*l - 5, -4 = 2*n - l - d. What are the prime factors of -3 - 0 - (-160 + 1)/n?
2, 5
Let k(a) = 11 - 96*a - 92*a - 29*a. What are the prime factors of k(-4)?
3, 293
Suppose -4*u - 3*d - 7 = -0*u, -u - 16 = -4*d. List the prime factors of -1 + 956 + (-32)/u + -4.
7, 137
What are the prime factors of (-15 - -16)/(((-11)/(-3418))/11)?
2, 1709
Suppose -11*v = 2*v - 182. List the prime factors of 3526/v + 2/(-42)*-3.
2, 3, 7
Suppose 23*j + 7*j = 7680. Suppose -j = -20*y + 16*y. What are the prime factors of y?
2
List the prime factors of (-4 + 76/6)*300111/31.
2, 7, 13, 461
Let p be (-7)/35 - 48/(-15). What are the prime factors of -1 - -459*(4 - p)?
2, 229
Let h = -515 + 510. List the prime factors of (h/10)/(12/(-24960)).
2, 5, 13
Let p = 24 - 9. Suppose -2*n + 6*n - 2241 = -5*u, 5*u + p = 0. Suppose 5*k + k - n = 0. List the prime factors of k.
2, 47
Let a be 2 + (-8)/6*-27 - -4. Let h = a + 411. What are the prime factors of h?
3, 151
List the prime factors of 8 + -22 + 48/6 + 4578 + -1.
7, 653
Let k(h) = 414*h + 7580. What are the prime factors of k(29)?
2, 7, 1399
Let v(m) = 449*m - 1. Let w be v(3). Suppose 4*l + 4*d = 904, 4*l + d - w + 427 = 0. List the prime factors of l.
3, 7, 11
Suppose 20 = -7*z + 83. Let p be -3 - (-4 - z)/1. List the prime factors of 2/40*4*p.
2
Let l = 49382 - 3777. List the prime factors of l.
5, 7, 1303
Suppose 4*h - 63*h + 141423 = -8*h. What are the prime factors of h?
47, 59
Let r(q) = q**2 + 11*q + 59. Let t be r(-9). Suppose 0 = -2*n + 497 - t. What are the prime factors of n?
2, 3, 19
Suppose 0 = -4*x - 5*h + 5831 + 28730, 0 = -3*x - h + 25929. What are the prime factors of x?
2, 2161
Let v(q) = 87*q**2 + 256*q + 72. List the prime factors of v(24).
2, 3, 2347
Let a(w) = -28*w**3 - 15*w**2 + 36*w + 513. List the prime factors of a(-10).
11, 2423
Let b = -73 - -113. What are the prime factors of b/(-30)*(-822)/8?
137
Suppose 136 - 191 = -5*o. Suppose 2*i - 1344 = o*z - 9*z, 5*i = 4*z + 3363. What are the prime factors of i?
3, 5
Suppose 23 = -4*i + 3. What are the prime factors of 7 - i*(-278)/(-2)?
2, 3, 13
Let m be ((-486)/72)/(1/(-172)). Suppose -3*v = x + 2*x - m, -3*x - v = -1161. What are the prime factors of x?
3, 43
Suppose 6*k + 20 = -10. Let u(p) = 5*p**2 + 3 + 14*p - 5 + 2*p - 4*p. What are the prime factors of u(k)?
3, 7
Suppose -g = y + 262, -2*y - g + 4*g - 514 = 0. Let v(r) = -r**3 - 2*r**2 + 5*r - 3. Let x be v(4). Let h = x - y. List the prime factors of h.
181
Let h(c) = -3*c**2 + 88. Let z be (9/(-3) - 1)*(-3)/3. Suppose -4 = 2*f, 2*f + z = -2*w - 0*f. What are the prime factors of h(w)?
2, 11
Let j(t) be the first derivative of 469*t**4/4 + 5*t**3/3 - 4*t**2 + 3*t + 122. List the prime factors of j(1).
7, 67
Suppose -5*w + n - 467 = -2*n, -w = -5*n + 111. List the prime factors of (72/(-56) + 3)*w/(-2).
2, 3, 13
What are the prime factors of (-67554)/(-5) + 55/275?
59, 229
Let a be ((-10)/6)/((-15)/36). Suppose -9 = -3*r, -4*p - a*r + 768 = 32. What are the prime factors of p?
181
Suppose 0 = -596*r + 582*r + 2600 + 3658. List the prime factors of r.
3, 149
Let u(n) be the third derivative of n**5/12 - 5*n**4/6 + 25*n**3/3 + 140*n**2. What are the prime factors of u(10)?
2, 5, 7
Let n(z) = -z**2 - 9*z - 13. Let h be n(-6). Let b be (1/(-2))/(h/(-80)). List the prime factors of 113 + ((-2)/4)/(b/(-16)).
2, 3, 19
Let m(v) = 7*v**2 + 17*v - 21. Let f be m(6). Let g = f + 27. List the prime factors of g.
2, 3, 5